ns digit of p?
7
Let f(u) = 5*u**3 - 4*u**2 + 2*u - 2. Let x(c) = 9*c**3 - 7*c**2 + 4*c - 4. Let n(w) = -5*f(w) + 3*x(w). What is the tens digit of n(2)?
1
Suppose 3*i = i - 10. What is the units digit of (-3 - i)*8/2?
8
Suppose -3*z + 2*z + 210 = 0. What is the units digit of (z/18)/((-1)/(-3))?
5
Let i = -40 + 67. What is the units digit of i?
7
Suppose 2*u + u = 0. Let i = u - -1. What is the units digit of (-4 + i)*(-2)/2?
3
Let i(g) = 4*g**2 + 4*g - 4. Let u be i(3). Suppose -u = -h - h. What is the tens digit of h?
2
Suppose 4*s = -2*s + 84. What is the units digit of s?
4
Let k(x) = -x**3 + 3*x**2 + 6*x - 5. Let b(y) = y**3 - 4*y**2 - 5*y + 4. Let c be b(5). Let q be k(c). Suppose -6*j + q = -3*j. What is the units digit of j?
1
Suppose -3*l + 172 = 4*g, 2*g - 83 - 81 = -3*l. What is the units digit of l?
2
Let z(o) = o**2 + 1. Let c be z(2). Suppose 191 - 66 = c*a. What is the units digit of a?
5
Let v = 6 + -2. Let c be (-153)/(-21) - v/14. Suppose -20 = 2*t - c*t. What is the units digit of t?
4
Let k(i) = 16*i. Let f be k(4). Suppose w = -3*w + f. What is the tens digit of w?
1
What is the tens digit of 1 - 5/4 - 2454/(-24)?
0
Suppose -2*a = -7*a + 125. Let q = 52 - a. What is the units digit of q?
7
Let v(o) = o - 1. Let p be v(1). Suppose -2*b + 3*b = 4*x - 92, p = 4*b. Suppose 2*j + x = 3*j. What is the units digit of j?
3
Let i = 11 - 5. What is the units digit of (-62)/(-6) - 2/i?
0
Let j = 65 + -33. Suppose -l + 4 = 2*c, j = 3*c - 4*l + 4. Suppose 0 = 4*u + c*n + 4, -2*u = -6*n + n - 19. What is the units digit of u?
2
Let w = -12 + 28. What is the units digit of (2 - 3) + w - 0?
5
Let p(x) = -x - 2. Let b be p(-6). Suppose 2*h - b*j = h + 17, 3*j = h - 19. What is the units digit of (11/(-5))/((-5)/h)?
1
Suppose -2*v = -0 - 4. Let u be (6/4)/(12/176). Suppose 0 = -2*l - 4*d + u, 0*d = -2*l - v*d + 28. What is the tens digit of l?
1
Let x = -5 + 8. Suppose -x*w + 4 = -7*w. Let c(n) = -16*n. What is the tens digit of c(w)?
1
Let n be 2 - -4*(-3)/12. What is the units digit of n/2 + (-69)/(-2)?
5
Let t be (-19)/(-7) + (-6)/(-21). What is the units digit of 93*(t + 32/(-12))?
1
Let d(b) = -2*b + 11. Let g(a) = 2*a - 11. Let m(p) = -7*d(p) - 6*g(p). What is the units digit of m(9)?
7
Suppose 5*o - 2*s - 18 = 0, 4*s + 10 + 8 = o. Suppose o*d - 46 = -0*d. What is the tens digit of d?
2
Suppose 5*q - 150 = -20. Let y(l) = l**3 - 15. Let j be y(0). Let w = q + j. What is the units digit of w?
1
Suppose 3*c = 5*c + d - 15, 5*c - 30 = 5*d. What is the units digit of c?
7
Suppose -4*g - 2 + 394 = 4*t, 2*g - 98 = -t. What is the tens digit of t?
9
Suppose -2*h + 142 = 2*h + 2*s, -h + 32 = 4*s. Suppose -2 + 1 = z, 5*z = 4*k - 45. What is the units digit of 4/k - h/(-10)?
4
Let a be (4/8)/((-1)/(-4)). Suppose -a*f - 8 = -4*w + 2*f, 5*f = 10. Suppose -44 = -w*i - 12. What is the units digit of i?
8
Suppose -2*s - 190 = -7*s. What is the tens digit of s?
3
Suppose 16 = -2*r + 52. What is the tens digit of r?
1
Let f be (-15)/9*(-5 - -2). Suppose n - f*n = -8. Suppose n*h + 48 = 6*h. What is the tens digit of h?
1
Let m = 311 - 200. What is the units digit of m?
1
Let o = 52 + -13. What is the units digit of o?
9
Let s be (8 + -3)*(-1 - -2). Suppose -s*m = -0*n + 3*n - 45, 0 = -5*m. What is the tens digit of n?
1
Let r(h) be the second derivative of -h**5/20 + 2*h**4/3 + h**3/3 - h**2 + 7*h. What is the tens digit of r(8)?
1
Let x = 8 + -5. Suppose 4*s + 43 - 203 = 4*g, -x*s + 4*g + 124 = 0. What is the units digit of s?
6
Let p = 17 - 12. What is the units digit of p?
5
Let c be (-1)/2*(-112 + -2). Suppose 7 = 5*d + c. Let z = 0 - d. What is the units digit of z?
0
Suppose 0 = 10*t - 656 - 1214. What is the hundreds digit of t?
1
Let q(n) = -n - 1. Let a(y) = y**3 - 2*y**2 - 5*y - 1. Let m(l) = -a(l) + 5*q(l). What is the tens digit of m(-3)?
4
Let b(t) = t**3 + t**2 + t - 1. Let m(n) = 3*n**3 + 5*n**2 + 5*n - 7. Let p(g) = 4*b(g) - m(g). Let u = -5 + 8. What is the units digit of p(u)?
8
Suppose 3*v + 4*c = 8 - 4, 0 = -2*v + 2*c + 12. Suppose -4*i + 33 = 2*l - 25, -37 = -v*i + 5*l. What is the tens digit of i?
1
Suppose -218 = -6*b + 28. What is the units digit of b?
1
Suppose 0 = 4*y + 5 - 29. Let c be (-2)/y + (-28)/(-12). Suppose c*r - 7 = 5. What is the units digit of r?
6
Suppose 3*z + 5*f + 3 = 0, -3*z + 5*f = z - 31. What is the units digit of z/(-18) + 260/36?
7
Let h(z) = 4*z**2 - z - 2. Let b(d) = -7*d**2 + d + 5. Let y(q) = -3*b(q) - 5*h(q). Let g be y(-4). Suppose -4*f + g*f = -7. What is the units digit of f?
7
Suppose 7*c = 4*c + 15. Suppose -c*k = -4*k - 2. Suppose k*i - 13 = i. What is the units digit of i?
3
Suppose 3*p - 9*p + 540 = 0. What is the tens digit of p?
9
Suppose 9*i - 4*i = 0. Let v be 2 + -1 - (-30 - 1). Suppose v = 4*g - i*g. What is the units digit of g?
8
Suppose 5*p - 85 = -3*h, -3*p = -0*h + 5*h - 163. What is the units digit of h?
5
Let b(y) = 4*y**3 - 2*y**2 + 1. Let x be b(1). What is the units digit of 11 - ((-9)/x)/1?
4
Let u be (-2 + 5)/3 + -2. What is the units digit of (7/(-21))/(u/12)?
4
Suppose -5*i - 36 = -u + 104, 2*i - 4 = 0. What is the tens digit of u?
5
Let u(t) be the third derivative of t**5/60 - t**4/12 - t**3/3 + t**2. Let i be u(-2). Suppose i - 30 = -2*a. What is the units digit of a?
2
Let b = -39 - -73. What is the units digit of b?
4
Suppose 5*f = 5*y - 0*f + 25, 15 = 3*y + 3*f. Suppose -5*o = -k + 38, y = 8*k - 3*k + 2*o - 82. What is the units digit of k?
8
Let j be 1/(-2) + 46/4. Suppose j - 16 = -5*a. What is the units digit of a?
1
Let s(v) = -v**2 - 11*v - 4. Let r be s(-10). Let w(z) = -z**2 + 8*z - 8. Let h be w(r). Suppose 2 = -j + h. What is the units digit of j?
2
Let i(b) = 2*b**2 + b. Let w(k) = 2*k**2 - k. Let n be w(-1). Let f be -2 + n + (-1 - 1). What is the units digit of i(f)?
1
Let f be 12/(-42) - 23/(-7). Let l be 2/(-2)*(-1)/1. What is the units digit of ((-4)/(-1))/(f - l)?
2
Suppose 7*n = 2*n + 25. Let u(k) = k**2 - 4*k + 7. What is the units digit of u(n)?
2
Let v = 23 + -7. What is the units digit of v?
6
Suppose 1 - 6 = -5*c. Let r = 1 + c. Suppose -r*l + 2*p + 12 = 0, 4*p = -2*l - 1 - 5. What is the units digit of l?
3
Let b(h) = -10*h - 2. Let x be b(-5). Let f = x - 27. What is the tens digit of f?
2
Suppose -k + f + 31 = 0, 0 = 3*k + f - 77 - 28. Let o = -52 + k. Let x = -13 - o. What is the units digit of x?
5
Suppose 4*k + 27 = 3*o, -4*k + 14 = 4*o + 6. Suppose -5*p - 8 = -o*x - 3, -5*p - 7 = -3*x. Let q = 3 + p. What is the units digit of q?
1
What is the units digit of ((-25)/(-15))/(2/6)?
5
Let l(c) = -2 + 0*c + 2*c**2 - 2*c + c + 6*c. What is the tens digit of l(-5)?
2
Let o = 39 + 3. Suppose -5*y = -q - 194, 3*q + 206 = 4*y + o. What is the units digit of y?
8
Suppose 3*z + z = -3*k + 6, 5*z = 4*k - 8. Suppose 0 = k*a - 7*a - 3*w - 96, -4*w = a + 26. What is the units digit of 0 - -1*a/(-2)?
9
Suppose 0 = d - 3*d. Suppose d = -5*q + 5 + 30. Suppose 0 = q*m - 3*m - 8. What is the units digit of m?
2
Let a be (-1)/(-5) - (-4)/5. Suppose g = 3 - a. What is the units digit of g/(-4) + (-11)/(-2)?
5
Let t = 26 - 16. Let f = t - 1. Let r = f - 5. What is the units digit of r?
4
Let k be (-16)/(-20)*(-35)/(-2). Let u = k - 10. What is the units digit of u?
4
Let a = -21 - -35. Let k = 10 - a. Let c(g) = -g**2 - 5*g + 1. What is the units digit of c(k)?
5
Let q(u) = 3*u - 17. What is the units digit of q(14)?
5
What is the units digit of (-1)/(-2)*338 + -2?
7
Let v(x) be the third derivative of -x**5/60 + 7*x**4/24 - x**3/6 - 2*x**2. What is the units digit of v(5)?
9
Suppose 0 = -5*o - 3*p + 147, 3*o - 3*p + p = 92. Suppose -4*z = z - o. What is the units digit of z?
6
Let h(z) = 3*z + z + z**2 + 0*z**2 - 2. What is the units digit of h(-6)?
0
Let b = 23 + -8. Let o be (-6)/b - (-28)/20. What is the units digit of (2 - 1)/(o/10)?
0
Let z(g) = -4*g**2 - 3*g. Let f(w) = -w**3 - w**2 - w - 1. Let u(q) = f(q) - z(q). Let a(v) = 2*v**2 - v. Let i be a(-1). What is the units digit of u(i)?
5
Suppose 3 = n + 9. Let a(h) = h**3 + 5*h**2 + h + 6. Let r be a(n). Let v = r - -55. What is the tens digit of v?
1
Let c(j) = 2*j**2 + 8*j + 1. Let o = -17 + 11. What is the tens digit of c(o)?
2
Let m(l) be the first derivative of l**4/4 + 2*l**3/3 + 2*l**2 + 2*l